{"id":90,"date":"2025-10-15T09:06:42","date_gmt":"2025-10-15T09:06:42","guid":{"rendered":"https:\/\/gianghi.sgi.edu.vn\/?post_type=product&#038;p=90"},"modified":"2025-11-13T09:29:28","modified_gmt":"2025-11-13T09:29:28","slug":"du-an-sunshine-city","status":"publish","type":"product","link":"https:\/\/gianghi.sgi.edu.vn\/index.php\/san-pham\/du-an-sunshine-city\/","title":{"rendered":"Ch\u00ednh ch\u1ee7 c\u1ea7n b\u00e1n nh\u00e0 nh\u1ecf xinh, c\u0103n g\u00f3c \u0111\u01b0\u1eddng Tr\u1ea7n Qu\u1ed1c Th\u1ea3o, Qu\u1eadn 3"},"content":{"rendered":"<p><img fetchpriority=\"high\" decoding=\"async\" class=\"\" src=\"https:\/\/cloud.muaban.net\/cdn-cgi\/image\/format=auto,quality=85\/images\/thumb-detail\/2025\/10\/16\/558\/606ae000b95b495ab5b0df1381b8f245.jpg\" alt=\"Ch\u00ednh ch\u1ee7 c\u1ea7n b\u00e1n nh\u00e0 nh\u1ecf xinh, c\u0103n g\u00f3c \u0111\u01b0\u1eddng Tr\u1ea7n Qu\u1ed1c Th\u1ea3o, Qu\u1eadn 3\" width=\"560\" height=\"747\" \/><\/p>\n<p>&nbsp;<\/p>\n<p>&nbsp;<\/p>\n<p>&nbsp;<\/p>\n<p>&nbsp;<\/p>\n<p>&nbsp;<\/p>\n<p>&nbsp;<\/p>\n<p>&nbsp;<\/p>\n","protected":false},"excerpt":{"rendered":"<p>Ch\u00ednh ch\u1ee7 c\u1ea7n b\u00e1n nh\u00e0 nh\u1ecf xinh, m\u1edbi \u0111\u1eb9p, c\u0103n g\u00f3c th\u00f4ng tho\u00e1ng.<br \/>\n\ud83c\udfe1G\u1ea6N K\u1ef2 \u0110\u1ed2NG &#8211; TR\u1ea6N QU\u1ed0C TH\u1ea2O- L\u00dd CH\u00cdNH TH\u1eaeNG, c\u00e1ch m\u1eb7t ti\u1ec1n K\u1ef3 \u0110\u1ed3ng 20m (P9 Qu\u1eadn 3 c\u0169)<br \/>\n\ud83d\udc25Di\u1ec7n t\u00edch: 41.3m2, di\u1ec7n t\u00edch s\u1eed d\u1ee5ng 71.8m2<br \/>\n\ud83d\udc25K\u1ebft c\u1ea5u: 1 tr\u1ec7t, 1 l\u1ea7u, 2PN, 2WC<br \/>\n\ud83d\udc25Trang b\u1ecb full n\u1ed9i th\u1ea5t m\u1edbi \u0111\u1eb9p<br \/>\n\ud83d\udc25S\u1ed5 h\u1ed3ng ho\u00e0n c\u00f4ng \u0111\u1ee7<\/p>\n","protected":false},"featured_media":276,"comment_status":"open","ping_status":"closed","template":"","meta":[],"product_brand":[],"product_cat":[15],"product_tag":[],"class_list":{"0":"post-90","1":"product","2":"type-product","3":"status-publish","4":"has-post-thumbnail","6":"product_cat-chua-phan-loai","8":"first","9":"instock","10":"sale","11":"shipping-taxable","12":"purchasable","13":"product-type-simple"},"_links":{"self":[{"href":"https:\/\/gianghi.sgi.edu.vn\/index.php\/wp-json\/wp\/v2\/product\/90","targetHints":{"allow":["GET"]}}],"collection":[{"href":"https:\/\/gianghi.sgi.edu.vn\/index.php\/wp-json\/wp\/v2\/product"}],"about":[{"href":"https:\/\/gianghi.sgi.edu.vn\/index.php\/wp-json\/wp\/v2\/types\/product"}],"replies":[{"embeddable":true,"href":"https:\/\/gianghi.sgi.edu.vn\/index.php\/wp-json\/wp\/v2\/comments?post=90"}],"wp:featuredmedia":[{"embeddable":true,"href":"https:\/\/gianghi.sgi.edu.vn\/index.php\/wp-json\/wp\/v2\/media\/276"}],"wp:attachment":[{"href":"https:\/\/gianghi.sgi.edu.vn\/index.php\/wp-json\/wp\/v2\/media?parent=90"}],"wp:term":[{"taxonomy":"product_brand","embeddable":true,"href":"https:\/\/gianghi.sgi.edu.vn\/index.php\/wp-json\/wp\/v2\/product_brand?post=90"},{"taxonomy":"product_cat","embeddable":true,"href":"https:\/\/gianghi.sgi.edu.vn\/index.php\/wp-json\/wp\/v2\/product_cat?post=90"},{"taxonomy":"product_tag","embeddable":true,"href":"https:\/\/gianghi.sgi.edu.vn\/index.php\/wp-json\/wp\/v2\/product_tag?post=90"}],"curies":[{"name":"wp","href":"https:\/\/api.w.org\/{rel}","templated":true}]}}