{"id":81,"date":"2025-10-15T09:02:21","date_gmt":"2025-10-15T09:02:21","guid":{"rendered":"https:\/\/gianghi.sgi.edu.vn\/?post_type=product&#038;p=81"},"modified":"2025-11-13T09:16:08","modified_gmt":"2025-11-13T09:16:08","slug":"chu-vinh-ban-can-nha-chu-van-an-p12-q-binh-thanh-dt-512m2-43x1175-so-chinh-chu","status":"publish","type":"product","link":"https:\/\/gianghi.sgi.edu.vn\/index.php\/san-pham\/chu-vinh-ban-can-nha-chu-van-an-p12-q-binh-thanh-dt-512m2-43x1175-so-chinh-chu\/","title":{"rendered":"Ch\u00fa Vinh b\u00e1n c\u0103n nh\u00e0 Chu V\u0103n An, P12, Q. B\u00ecnh Th\u1ea1nh, DT 51,2m2 (4,3&#215;11,75), s\u1ed5 ch\u00ednh ch\u1ee7"},"content":{"rendered":"<p><img fetchpriority=\"high\" decoding=\"async\" class=\"alignnone wp-image-83\" src=\"https:\/\/gianghi.sgi.edu.vn\/wp-content\/uploads\/2025\/10\/1-225x300.jpg\" alt=\"\" width=\"276\" height=\"368\" srcset=\"https:\/\/gianghi.sgi.edu.vn\/wp-content\/uploads\/2025\/10\/1-225x300.jpg 225w, https:\/\/gianghi.sgi.edu.vn\/wp-content\/uploads\/2025\/10\/1-350x467.jpg 350w, https:\/\/gianghi.sgi.edu.vn\/wp-content\/uploads\/2025\/10\/1.jpg 537w\" sizes=\"(max-width: 276px) 100vw, 276px\" \/><\/p>\n","protected":false},"excerpt":{"rendered":"<p>Gia \u0111\u00ecnh t\u00f4i s\u1eafp \u0111\u1ecbnh c\u01b0 \u1edf n\u01b0\u1edbc ngo\u00e0i c\u1ea7n b\u00e1n c\u0103n nh\u00e0 \u0111\u01b0\u1eddng Chu V\u0103n An, ph\u01b0\u1eddng 12, qu\u1eadn B\u00ecnh Th\u1ea1nh.<br \/>\n&#8211; Nh\u00e0 r\u1ed9ng r\u00e3i \u0111ang cho thu\u00ea 18tr\/th\u00e1ng.<br \/>\n&#8211; Di\u1ec7n t\u00edch 51,2m\u00b2.<br \/>\n&#8211; S\u1ed5 h\u1ed3ng t\u00f4i \u0111\u1ee9ng t\u00ean.<br \/>\n&#8211; K\u1ebft c\u1ea5u 1 tr\u1ec7t 2 l\u1ea7u v\u00e0 s\u00e2n th\u01b0\u1ee3ng, bao g\u1ed3m 4 ph\u00f2ng ng\u1ee7, 4 nh\u00e0 v\u1ec7 sinh, 1 ph\u00f2ng kh\u00e1ch, 1 b\u1ebfp.<br \/>\n&#8211; H\u1ebbm tr\u01b0\u1edbc nh\u00e0 r\u1ed9ng 5m, xe h\u01a1i \u0111i tho\u1ea3i m\u00e1i.<br \/>\n&#8211; V\u1ecb tr\u00ed \u0111\u1eb9p thu\u1eadn ti\u1ec7n di chuy\u1ec3n c\u00e1c qu\u1eadn Trung T\u00e2m, ra s\u00e2n bay. Th\u00edch h\u1ee3p anh ch\u1ecb mua cho thu\u00ea, kinh doanh, l\u00e0m c\u1ee7a cho con ch\u00e1u.<br \/>\n&#8211; Nh\u00e0 t\u00f4i ngay H\u1ecdc vi\u1ec7n C\u00e1n b\u1ed9 Th\u00e0nh ph\u1ed1 H\u1ed3 Ch\u00ed Minh, g\u1ea7n tr\u01b0\u1eddng ti\u1ec3u h\u1ecdc B\u00ecnh Ho\u00e0, tr\u01b0\u1eddng THCS L\u00ea V\u0103n T\u00e1m.<br \/>\n&#8211; Khu v\u1ef1c an ninh, d\u00e2n tr\u00ed cao, h\u00e0ng x\u00f3m vui v\u1ebb ho\u00e0 \u0111\u1ed3ng, n\u00f3i kh\u00f4ng v\u1edbi ng\u1eadp n\u01b0\u1edbc.<br \/>\n&#8211; Gi\u00e1 th\u1ecfa thu\u1eadn<\/p>\n","protected":false},"featured_media":105,"comment_status":"open","ping_status":"closed","template":"","meta":[],"product_brand":[],"product_cat":[15],"product_tag":[],"class_list":{"0":"post-81","1":"product","2":"type-product","3":"status-publish","4":"has-post-thumbnail","6":"product_cat-chua-phan-loai","8":"first","9":"instock","10":"sale","11":"shipping-taxable","12":"purchasable","13":"product-type-simple"},"_links":{"self":[{"href":"https:\/\/gianghi.sgi.edu.vn\/index.php\/wp-json\/wp\/v2\/product\/81","targetHints":{"allow":["GET"]}}],"collection":[{"href":"https:\/\/gianghi.sgi.edu.vn\/index.php\/wp-json\/wp\/v2\/product"}],"about":[{"href":"https:\/\/gianghi.sgi.edu.vn\/index.php\/wp-json\/wp\/v2\/types\/product"}],"replies":[{"embeddable":true,"href":"https:\/\/gianghi.sgi.edu.vn\/index.php\/wp-json\/wp\/v2\/comments?post=81"}],"wp:featuredmedia":[{"embeddable":true,"href":"https:\/\/gianghi.sgi.edu.vn\/index.php\/wp-json\/wp\/v2\/media\/105"}],"wp:attachment":[{"href":"https:\/\/gianghi.sgi.edu.vn\/index.php\/wp-json\/wp\/v2\/media?parent=81"}],"wp:term":[{"taxonomy":"product_brand","embeddable":true,"href":"https:\/\/gianghi.sgi.edu.vn\/index.php\/wp-json\/wp\/v2\/product_brand?post=81"},{"taxonomy":"product_cat","embeddable":true,"href":"https:\/\/gianghi.sgi.edu.vn\/index.php\/wp-json\/wp\/v2\/product_cat?post=81"},{"taxonomy":"product_tag","embeddable":true,"href":"https:\/\/gianghi.sgi.edu.vn\/index.php\/wp-json\/wp\/v2\/product_tag?post=81"}],"curies":[{"name":"wp","href":"https:\/\/api.w.org\/{rel}","templated":true}]}}