{"id":64,"date":"2025-10-15T08:38:00","date_gmt":"2025-10-15T08:38:00","guid":{"rendered":"https:\/\/gianghi.sgi.edu.vn\/?post_type=product&#038;p=64"},"modified":"2025-11-13T09:20:39","modified_gmt":"2025-11-13T09:20:39","slug":"ban-nha-rieng-tai-hoang-hoa-tham-gia-1ty999tr-phuong-5-binh-thanh-dt-63m2-so-hong-rieng","status":"publish","type":"product","link":"https:\/\/gianghi.sgi.edu.vn\/index.php\/san-pham\/ban-nha-rieng-tai-hoang-hoa-tham-gia-1ty999tr-phuong-5-binh-thanh-dt-63m2-so-hong-rieng\/","title":{"rendered":"B\u00e1n nh\u00e0 ri\u00eang t\u1ea1i Ho\u00e0ng Hoa Th\u00e1m gi\u00e1 1t\u1ef7999tr, Ph\u01b0\u1eddng 5, B\u00ecnh Th\u1ea1nh, DT 63m2, s\u1ed5 h\u1ed3ng ri\u00eang \/c\u1ecdc tr\u01b0\u1edbc 500tr"},"content":{"rendered":"<p><img fetchpriority=\"high\" decoding=\"async\" class=\"alignnone  wp-image-68\" src=\"https:\/\/gianghi.sgi.edu.vn\/wp-content\/uploads\/2025\/10\/ANHBATDONGSAN1-225x300.jpg\" alt=\"\" width=\"348\" height=\"464\" srcset=\"https:\/\/gianghi.sgi.edu.vn\/wp-content\/uploads\/2025\/10\/ANHBATDONGSAN1-225x300.jpg 225w, https:\/\/gianghi.sgi.edu.vn\/wp-content\/uploads\/2025\/10\/ANHBATDONGSAN1-350x467.jpg 350w, https:\/\/gianghi.sgi.edu.vn\/wp-content\/uploads\/2025\/10\/ANHBATDONGSAN1.jpg 537w\" sizes=\"(max-width: 348px) 100vw, 348px\" \/>&#8211;<\/p>\n<p>&nbsp;<\/p>\n","protected":false},"excerpt":{"rendered":"<p>V\u1ecb tr\u00ed: C\u00e1ch ng\u00e3 t\u01b0 Nguy\u1ec5n V\u0103n \u0110\u1eadu 400m.<br \/>\n&#8211; Di\u1ec7n t\u00edch 63 m\u00b2 (4&#215;15,5).<br \/>\n&#8211; K\u1ebft c\u1ea5u: 1 tr\u1ec7t 2 t\u1ea7ng, 3PN, 3WC.<br \/>\n&#8211; Ng\u00f5 v\u00e0o r\u1ed9ng 5m, thu\u1eadn ti\u1ec7n cho vi\u1ec7c di chuy\u1ec3n.<br \/>\n&#8211; Ph\u00e1p l\u00fd \u0111\u1ea7y \u0111\u1ee7, s\u1ed5 \u0111\u1ecf\/s\u1ed5 h\u1ed3ng.<\/p>\n","protected":false},"featured_media":260,"comment_status":"open","ping_status":"closed","template":"","meta":[],"product_brand":[],"product_cat":[15],"product_tag":[],"class_list":{"0":"post-64","1":"product","2":"type-product","3":"status-publish","4":"has-post-thumbnail","6":"product_cat-chua-phan-loai","8":"first","9":"instock","10":"sale","11":"shipping-taxable","12":"purchasable","13":"product-type-simple"},"_links":{"self":[{"href":"https:\/\/gianghi.sgi.edu.vn\/index.php\/wp-json\/wp\/v2\/product\/64","targetHints":{"allow":["GET"]}}],"collection":[{"href":"https:\/\/gianghi.sgi.edu.vn\/index.php\/wp-json\/wp\/v2\/product"}],"about":[{"href":"https:\/\/gianghi.sgi.edu.vn\/index.php\/wp-json\/wp\/v2\/types\/product"}],"replies":[{"embeddable":true,"href":"https:\/\/gianghi.sgi.edu.vn\/index.php\/wp-json\/wp\/v2\/comments?post=64"}],"wp:featuredmedia":[{"embeddable":true,"href":"https:\/\/gianghi.sgi.edu.vn\/index.php\/wp-json\/wp\/v2\/media\/260"}],"wp:attachment":[{"href":"https:\/\/gianghi.sgi.edu.vn\/index.php\/wp-json\/wp\/v2\/media?parent=64"}],"wp:term":[{"taxonomy":"product_brand","embeddable":true,"href":"https:\/\/gianghi.sgi.edu.vn\/index.php\/wp-json\/wp\/v2\/product_brand?post=64"},{"taxonomy":"product_cat","embeddable":true,"href":"https:\/\/gianghi.sgi.edu.vn\/index.php\/wp-json\/wp\/v2\/product_cat?post=64"},{"taxonomy":"product_tag","embeddable":true,"href":"https:\/\/gianghi.sgi.edu.vn\/index.php\/wp-json\/wp\/v2\/product_tag?post=64"}],"curies":[{"name":"wp","href":"https:\/\/api.w.org\/{rel}","templated":true}]}}