{"id":111,"date":"2025-10-15T09:15:58","date_gmt":"2025-10-15T09:15:58","guid":{"rendered":"https:\/\/gianghi.sgi.edu.vn\/?post_type=product&#038;p=111"},"modified":"2025-11-13T08:13:56","modified_gmt":"2025-11-13T08:13:56","slug":"hem-xe-hoi-nha-hem-231-le-van-sy-p14-phu-nhuan-phuong-phu-nhuan-hem-rong-xe-hoi-4-cho-vao-toi-nha","status":"publish","type":"product","link":"https:\/\/gianghi.sgi.edu.vn\/index.php\/san-pham\/hem-xe-hoi-nha-hem-231-le-van-sy-p14-phu-nhuan-phuong-phu-nhuan-hem-rong-xe-hoi-4-cho-vao-toi-nha\/","title":{"rendered":"H\u1ebbm xe h\u01a1i.!! nh\u00e0 h\u1ebbm 231 L\u00ea V\u0103n S\u1ef9, P14, Ph\u00fa Nhu\u1eadn (Ph\u01b0\u1eddng Ph\u00fa Nhu\u1eadn) , h\u1ebbm r\u1ed9ng xe h\u01a1i 4 ch\u1ed7 v\u00e0o t\u1edbi nh\u00e0"},"content":{"rendered":"<div class=\"woocommerce-tabs wc-tabs-wrapper container tabbed-content\">\n<div class=\"tab-panels\">\n<div id=\"tab-description\" class=\"woocommerce-Tabs-panel woocommerce-Tabs-panel--description panel entry-content active\" role=\"tabpanel\" aria-labelledby=\"tab-title-description\">\n<div id=\"idcopynew\"><\/div>\n<\/div>\n<\/div>\n<\/div>\n<div class=\"product-images relative mb-half has-hover woocommerce-product-gallery woocommerce-product-gallery--with-images woocommerce-product-gallery--columns-4 images\" data-columns=\"4\">\n<figure class=\"woocommerce-product-gallery__wrapper product-gallery-slider slider slider-nav-small mb-half is-draggable flickity-enabled\" tabindex=\"0\" data-flickity-options=\"{ &quot;cellAlign&quot;: &quot;center&quot;, &quot;wrapAround&quot;: true, &quot;autoPlay&quot;: false, &quot;prevNextButtons&quot;:true, &quot;adaptiveHeight&quot;: true, &quot;imagesLoaded&quot;: true, &quot;lazyLoad&quot;: 1, &quot;dragThreshold&quot; : 15, &quot;pageDots&quot;: false, &quot;rightToLeft&quot;: false }\">\n<div class=\"flickity-viewport\">\n<div class=\"flickity-slider\">\n<div class=\"woocommerce-product-gallery__image slide first is-selected\" data-thumb=\"https:\/\/nguonnha.vn\/wp-content\/uploads\/2025\/09\/z7014138785824_d454d855ae49d34c88ae98b1f286eea8-100x100.jpg?v=1759217833\" data-thumb-alt=\"\"><a href=\"https:\/\/nguonnha.vn\/wp-content\/uploads\/2025\/09\/z7014138785824_d454d855ae49d34c88ae98b1f286eea8.jpg?v=1759217833\"><img fetchpriority=\"high\" decoding=\"async\" class=\"wp-post-image skip-lazy\" title=\"z7014138785824_d454d855ae49d34c88ae98b1f286eea8\" src=\"https:\/\/nguonnha.vn\/wp-content\/uploads\/2025\/09\/z7014138785824_d454d855ae49d34c88ae98b1f286eea8-600x450.jpg?v=1759217833\" sizes=\"(max-width: 600px) 100vw, 600px\" srcset=\"https:\/\/nguonnha.vn\/wp-content\/uploads\/2025\/09\/z7014138785824_d454d855ae49d34c88ae98b1f286eea8-600x450.jpg?v=1759217833 600w, https:\/\/nguonnha.vn\/wp-content\/uploads\/2025\/09\/z7014138785824_d454d855ae49d34c88ae98b1f286eea8.jpg?v=1759217833 720w\" alt=\"\" width=\"671\" height=\"503\" data-caption=\"\" data-src=\"https:\/\/nguonnha.vn\/wp-content\/uploads\/2025\/09\/z7014138785824_d454d855ae49d34c88ae98b1f286eea8.jpg?v=1759217833\" data-large_image=\"https:\/\/nguonnha.vn\/wp-content\/uploads\/2025\/09\/z7014138785824_d454d855ae49d34c88ae98b1f286eea8.jpg?v=1759217833\" data-large_image_width=\"720\" data-large_image_height=\"540\" \/><\/a><\/div>\n<div class=\"woocommerce-product-gallery__image slide\" data-thumb=\"https:\/\/nguonnha.vn\/wp-content\/uploads\/2025\/09\/z7014138785833_a6dc689b01fbdbe5b94776c115658e79-100x100.jpg?v=1759217885\" data-thumb-alt=\"\" aria-hidden=\"true\"><a href=\"https:\/\/nguonnha.vn\/wp-content\/uploads\/2025\/09\/z7014138785833_a6dc689b01fbdbe5b94776c115658e79.jpg?v=1759217885\"><img decoding=\"async\" class=\"skip-lazy\" title=\"z7014138785833_a6dc689b01fbdbe5b94776c115658e79\" src=\"https:\/\/nguonnha.vn\/wp-content\/uploads\/2025\/09\/z7014138785833_a6dc689b01fbdbe5b94776c115658e79-600x450.jpg?v=1759217885\" sizes=\"(max-width: 600px) 100vw, 600px\" srcset=\"https:\/\/nguonnha.vn\/wp-content\/uploads\/2025\/09\/z7014138785833_a6dc689b01fbdbe5b94776c115658e79-600x450.jpg?v=1759217885 600w, https:\/\/nguonnha.vn\/wp-content\/uploads\/2025\/09\/z7014138785833_a6dc689b01fbdbe5b94776c115658e79.jpg?v=1759217885 720w\" alt=\"\" width=\"672\" height=\"504\" data-caption=\"\" data-src=\"https:\/\/nguonnha.vn\/wp-content\/uploads\/2025\/09\/z7014138785833_a6dc689b01fbdbe5b94776c115658e79.jpg?v=1759217885\" data-large_image=\"https:\/\/nguonnha.vn\/wp-content\/uploads\/2025\/09\/z7014138785833_a6dc689b01fbdbe5b94776c115658e79.jpg?v=1759217885\" data-large_image_width=\"720\" data-large_image_height=\"540\" \/><\/a><\/div>\n<div class=\"woocommerce-product-gallery__image slide\" data-thumb=\"https:\/\/nguonnha.vn\/wp-content\/uploads\/2025\/09\/z7014138785831_66f70420038e81af1cf84636d5111cea-100x100.jpg?v=1759217886\" data-thumb-alt=\"\" aria-hidden=\"true\"><a href=\"https:\/\/nguonnha.vn\/wp-content\/uploads\/2025\/09\/z7014138785831_66f70420038e81af1cf84636d5111cea.jpg?v=1759217886\"><img decoding=\"async\" class=\"skip-lazy\" title=\"z7014138785831_66f70420038e81af1cf84636d5111cea\" src=\"https:\/\/nguonnha.vn\/wp-content\/uploads\/2025\/09\/z7014138785831_66f70420038e81af1cf84636d5111cea-600x800.jpg?v=1759217886\" sizes=\"(max-width: 600px) 100vw, 600px\" srcset=\"https:\/\/nguonnha.vn\/wp-content\/uploads\/2025\/09\/z7014138785831_66f70420038e81af1cf84636d5111cea-600x800.jpg?v=1759217886 600w, https:\/\/nguonnha.vn\/wp-content\/uploads\/2025\/09\/z7014138785831_66f70420038e81af1cf84636d5111cea.jpg?v=1759217886 960w\" alt=\"\" width=\"672\" height=\"896\" data-caption=\"\" data-src=\"https:\/\/nguonnha.vn\/wp-content\/uploads\/2025\/09\/z7014138785831_66f70420038e81af1cf84636d5111cea.jpg?v=1759217886\" data-large_image=\"https:\/\/nguonnha.vn\/wp-content\/uploads\/2025\/09\/z7014138785831_66f70420038e81af1cf84636d5111cea.jpg?v=1759217886\" data-large_image_width=\"960\" data-large_image_height=\"1280\" \/><\/a><\/div>\n<div class=\"woocommerce-product-gallery__image slide\" data-thumb=\"https:\/\/nguonnha.vn\/wp-content\/uploads\/2025\/09\/z7014138785835_b898b74d7dc01a3c0861e8f7e1b64759-100x100.jpg?v=1759217887\" data-thumb-alt=\"\" aria-hidden=\"true\"><a href=\"https:\/\/nguonnha.vn\/wp-content\/uploads\/2025\/09\/z7014138785835_b898b74d7dc01a3c0861e8f7e1b64759.jpg?v=1759217887\"><img loading=\"lazy\" decoding=\"async\" class=\"skip-lazy\" title=\"z7014138785835_b898b74d7dc01a3c0861e8f7e1b64759\" src=\"https:\/\/nguonnha.vn\/wp-content\/uploads\/2025\/09\/z7014138785835_b898b74d7dc01a3c0861e8f7e1b64759-600x800.jpg?v=1759217887\" sizes=\"(max-width: 600px) 100vw, 600px\" srcset=\"https:\/\/nguonnha.vn\/wp-content\/uploads\/2025\/09\/z7014138785835_b898b74d7dc01a3c0861e8f7e1b64759-600x800.jpg?v=1759217887 600w, https:\/\/nguonnha.vn\/wp-content\/uploads\/2025\/09\/z7014138785835_b898b74d7dc01a3c0861e8f7e1b64759.jpg?v=1759217887 960w\" alt=\"\" width=\"671\" height=\"895\" data-caption=\"\" data-src=\"https:\/\/nguonnha.vn\/wp-content\/uploads\/2025\/09\/z7014138785835_b898b74d7dc01a3c0861e8f7e1b64759.jpg?v=1759217887\" data-large_image=\"https:\/\/nguonnha.vn\/wp-content\/uploads\/2025\/09\/z7014138785835_b898b74d7dc01a3c0861e8f7e1b64759.jpg?v=1759217887\" data-large_image_width=\"960\" data-large_image_height=\"1280\" \/><\/a><\/div>\n<div class=\"woocommerce-product-gallery__image slide\" data-thumb=\"https:\/\/nguonnha.vn\/wp-content\/uploads\/2025\/09\/z7014138785781_038298cce97e9345f2d6bfd7e7ec7507-100x100.jpg?v=1759217888\" data-thumb-alt=\"\" aria-hidden=\"true\"><a href=\"https:\/\/nguonnha.vn\/wp-content\/uploads\/2025\/09\/z7014138785781_038298cce97e9345f2d6bfd7e7ec7507.jpg?v=1759217888\"><img loading=\"lazy\" decoding=\"async\" class=\"skip-lazy\" title=\"z7014138785781_038298cce97e9345f2d6bfd7e7ec7507\" src=\"https:\/\/nguonnha.vn\/wp-content\/uploads\/2025\/09\/z7014138785781_038298cce97e9345f2d6bfd7e7ec7507-600x338.jpg?v=1759217888\" sizes=\"(max-width: 600px) 100vw, 600px\" srcset=\"https:\/\/nguonnha.vn\/wp-content\/uploads\/2025\/09\/z7014138785781_038298cce97e9345f2d6bfd7e7ec7507-600x338.jpg?v=1759217888 600w, https:\/\/nguonnha.vn\/wp-content\/uploads\/2025\/09\/z7014138785781_038298cce97e9345f2d6bfd7e7ec7507.jpg?v=1759217888 720w\" alt=\"\" width=\"671\" height=\"378\" data-caption=\"\" data-src=\"https:\/\/nguonnha.vn\/wp-content\/uploads\/2025\/09\/z7014138785781_038298cce97e9345f2d6bfd7e7ec7507.jpg?v=1759217888\" data-large_image=\"https:\/\/nguonnha.vn\/wp-content\/uploads\/2025\/09\/z7014138785781_038298cce97e9345f2d6bfd7e7ec7507.jpg?v=1759217888\" data-large_image_width=\"720\" data-large_image_height=\"405\" \/><\/a><\/div>\n<\/div>\n<\/div>\n<p>&nbsp;<\/figure>\n<div class=\"image-tools absolute bottom left z-3\"><\/div>\n<\/div>\n","protected":false},"excerpt":{"rendered":"<div id=\"tab-description\" class=\"woocommerce-Tabs-panel woocommerce-Tabs-panel--description panel entry-content active\" role=\"tabpanel\" aria-labelledby=\"tab-title-description\">\n<div id=\"idcopynew\">\n<p>7.9 t\u1ef7\ud83c\udf96\ufe0f\u00a0H\u1ebbm xe h\u01a1i, b\u00e1n tr\u1ee3 duy\u00ean \u00f4ng anh.<\/p>\n<p>\ud83c\udfe0B\u00e1n nh\u00e0 h\u1ebbm 231 L\u00ea V\u0103n S\u1ef9, P14, Ph\u00fa Nhu\u1eadn (Ph\u01b0\u1eddng Ph\u00fa Nhu\u1eadn) , h\u1ebbm r\u1ed9ng xe h\u01a1i 4 ch\u1ed7 v\u00e0o t\u1edbi nh\u00e0, gi\u00e1 t\u1ed1t cho kh\u00e1ch mua nhanh.<\/p>\n<p>\u26a1\ufe0f\u00a0Di\u1ec7n t\u00edch: 2.75x16m ~ 43m2 \u0111\u1ea5t<\/p>\n<p>\u26a1\ufe0f\u00a0K\u1ebft c\u1ea5u: tr\u1ec7t, 1 L\u1ea7u, D\/t\u00edch s\u00e0n: 89.4m2<\/p>\n<p>\u26a1\ufe0f\u00a0S\u1ed1 ph\u00f2ng: 2pn, 2wc<\/p>\n<p>\u26a1\ufe0f\u00a0V\u1ecb tr\u00ed T\u1ea5t c\u1ea3 ti\u1ec7n \u00edch ch\u1ec9 c\u00e1ch v\u00e0i b\u01b0\u1edbc ch\u00e2n: ch\u1ee3, tr\u01b0\u1eddng h\u1ecdc, b\u1ec7nh vi\u1ec7n, si\u00eau th\u1ecb, nh\u00e0 h\u00e0ng qu\u00e1n c\u00e0 ph\u00ea..<\/p>\n<p>\ud83d\udcb0\u00a0Gi\u00e1: 7.9 t\u1ef7 th\u01b0\u01a1ng l\u01b0\u1ee3ng cho ng\u01b0\u1eddi thi\u1ec7n ch\u00ed<\/p>\n<p>\u260e\ufe0f\u00a0LH: 0932557988 (Zalo\/call) C\u1ea3nh nh\u00e0 ph\u1ed1<\/p>\n<p>\ud83d\udc49\u00a0Nh\u1eadn k\u00fd g\u1eedi B\u0110S t\u1ea1i trung t\u00e2m Tp.HCM<\/p>\n<\/div>\n<\/div>\n<div id=\"tab-reviews\" class=\"woocommerce-Tabs-panel woocommerce-Tabs-panel--reviews panel entry-content \" role=\"tabpanel\" aria-labelledby=\"tab-title-reviews\">\n<div id=\"reviews\" class=\"woocommerce-Reviews row\">\n<div id=\"comments\" class=\"col large-12\">\n<p class=\"woocommerce-noreviews\">\n<\/div>\n<\/div>\n<\/div>\n","protected":false},"featured_media":148,"comment_status":"open","ping_status":"closed","template":"","meta":[],"product_brand":[],"product_cat":[15],"product_tag":[],"class_list":{"0":"post-111","1":"product","2":"type-product","3":"status-publish","4":"has-post-thumbnail","6":"product_cat-chua-phan-loai","8":"first","9":"instock","10":"sale","11":"shipping-taxable","12":"purchasable","13":"product-type-simple"},"_links":{"self":[{"href":"https:\/\/gianghi.sgi.edu.vn\/index.php\/wp-json\/wp\/v2\/product\/111","targetHints":{"allow":["GET"]}}],"collection":[{"href":"https:\/\/gianghi.sgi.edu.vn\/index.php\/wp-json\/wp\/v2\/product"}],"about":[{"href":"https:\/\/gianghi.sgi.edu.vn\/index.php\/wp-json\/wp\/v2\/types\/product"}],"replies":[{"embeddable":true,"href":"https:\/\/gianghi.sgi.edu.vn\/index.php\/wp-json\/wp\/v2\/comments?post=111"}],"wp:featuredmedia":[{"embeddable":true,"href":"https:\/\/gianghi.sgi.edu.vn\/index.php\/wp-json\/wp\/v2\/media\/148"}],"wp:attachment":[{"href":"https:\/\/gianghi.sgi.edu.vn\/index.php\/wp-json\/wp\/v2\/media?parent=111"}],"wp:term":[{"taxonomy":"product_brand","embeddable":true,"href":"https:\/\/gianghi.sgi.edu.vn\/index.php\/wp-json\/wp\/v2\/product_brand?post=111"},{"taxonomy":"product_cat","embeddable":true,"href":"https:\/\/gianghi.sgi.edu.vn\/index.php\/wp-json\/wp\/v2\/product_cat?post=111"},{"taxonomy":"product_tag","embeddable":true,"href":"https:\/\/gianghi.sgi.edu.vn\/index.php\/wp-json\/wp\/v2\/product_tag?post=111"}],"curies":[{"name":"wp","href":"https:\/\/api.w.org\/{rel}","templated":true}]}}