{"id":103,"date":"2025-10-15T09:15:53","date_gmt":"2025-10-15T09:15:53","guid":{"rendered":"https:\/\/gianghi.sgi.edu.vn\/?post_type=product&#038;p=103"},"modified":"2025-11-13T08:02:03","modified_gmt":"2025-11-13T08:02:03","slug":"du-an-sunshine-golden-river","status":"publish","type":"product","link":"https:\/\/gianghi.sgi.edu.vn\/index.php\/san-pham\/du-an-sunshine-golden-river\/","title":{"rendered":"D\u1ef0 \u00c1N SUNSHINE GOLDEN RIVER"},"content":{"rendered":"<p>T\u1ecda lT\u1ecda l\u1ea1c t\u1ea1i v\u1ecb tr\u00ed v\u00e0ng khu \u0111\u1ea5t v\u00e0ng T\u00e2y H\u1ed3 t\u00e2y, s\u1edf h\u1eefu kh\u00f4ng gian xanh bi\u1ec7t l\u1eadp, h\u1ec7 th\u1ed1ng h\u1ea1 t\u1ea7ng \u0111\u1ed3ng b\u1ed9 hi\u1ec7n \u0111\u1ea1i.\u00a0D\u1ef1 \u00e1n Sunshine Golden River\u00a0s\u1ebd l\u00e0 \u0111\u1ecba \u0111i\u1ec3m s\u1ed1ng l\u00fd t\u01b0\u1edfng v\u00e0 quen thu\u1ed9c c\u1ee7a c\u1ed9ng \u0111\u1ed3ng c\u01b0 d\u00e2n qu\u1ed1c t\u1ebf v\u00e0 gi\u1edbi tinh hoa. D\u1ef1 \u00e1n th\u1eeba h\u01b0\u1edfng tr\u1ecdn v\u1eb9n nh\u1eefng \u01b0u th\u1ebf c\u1ee7a khu \u0111\u00f4 th\u1ecb qu\u1ed1c t\u1ebf b\u1eadc nh\u1ea5t H\u00e0 N\u1ed9i, h\u1ee9a h\u1eb9n hi\u1ec7n th\u1ef1c h\u00f3a nh\u1eefng gi\u1ea5c m\u01a1 v\u1ec1 cu\u1ed9c s\u1ed1ng \u0111\u1eb3ng c\u1ea5p, ti\u1ec7n nghi<\/p>\n<p>V\u1ecb tr\u00ed D\u1ef1 \u00e1n: K\u0110T Ciputra H\u00e0 n\u1ed9i \u2013 Qu\u1eadn T\u00e2y H\u1ed3 \u2013 Th\u00e0nh ph\u1ed1 H\u00e0 N\u1ed9i<\/p>\n<p>&#8211; Ch\u1ee7 \u0111\u1ea7u t\u01b0: Sunshine Group<\/p>\n<p>&#8211; T\u1ed5ng di\u1ec7n t\u00edch:\u00a0\u00a010.000m2<\/p>\n<p>&#8211; M\u1eadt \u0111\u1ed9 thi c\u00f4ng: 43%<\/p>\n<p>&#8211; Nh\u1eefng lo\u1ea1i h\u00ecnh c\u0103n h\u1ed9: Chung C\u01b0 v\u00e0 Nh\u00e0 ph\u1ed1 Shophouse<\/p>\n<p>&#8211; S\u1ed1 l\u01b0\u1ee3ng ho\u00e0n th\u00e0nh: 217 c\u0103n h\u1ed9 cao c\u1ea5p + 27 l\u00f4 Shophouse<\/p>\n<p>&#8211; Quy ho\u1ea1ch khu chung c\u01b0: cao 35 t\u1ea7ng n\u1ed5i + 3 t\u1ea7ng h\u1ea7m<\/p>\n<p>&#8211; Quy ho\u1ea1ch khu Th\u1ea5p t\u1ea7ng: cao 5 t\u1ea7ng n\u1ed5i + 1 t\u1ea7ng h\u1ea7m<\/p>\n<p>&#8211; H\u00ecnh th\u1ee9c s\u1edf h\u1eefu b\u1ea5t \u0111\u1ed9ng s\u1ea3n: s\u1ed5 h\u1ed3ng v\u0129nh vi\u1ec5n<\/p>\n<p>Trong qu\u1ea7n th\u1ec3 khu \u0111\u00f4 th\u1ecb Ciputra. C\u00f4ng vi\u00ean n\u01b0\u1edbc H\u1ed3 T\u00e2y: 1 km.<\/p>\n<p>&#8211; H\u1ed3 G\u01b0\u01a1m: 9 km.<\/p>\n<p>&#8211; C\u00f4ng vi\u00ean H\u00f2a B\u00ecnh: 5 km.<\/p>\n<p>&#8211; B\u1ec7nh vi\u1ec7n E: 7 km.<\/p>\n<p>&#8211; Khu li\u00ean h\u1ee3p th\u1ec3 thao M\u1ef9 \u0110\u00ecnh: 10 km. B\u1ebfn xe M\u1ef9 \u0110\u00ecnh: 9 km.<\/p>\n<p>&#8211; S\u00e2n bay N\u1ed9i B\u00e0i: 18 km.<\/p>\n<p>&#8211; \u0110H Qu\u1ed1c Gia: 9 km<\/p>\n<p>&#8211; Tr\u01b0\u1eddng qu\u1ed1c t\u1ebf LHQ (UNIS): 1km<\/p>\n<p>&#8211; Lotte Center Li\u1ec5u Giai: 9 km.<\/p>\n<p>&#8211; Thung l\u0169ng hoa: 1,5 km. C\u1ea7u Nh\u1eadt T\u00e2n: 500 m.<img fetchpriority=\"high\" decoding=\"async\" class=\" wp-image-2567 aligncenter\" src=\"https:\/\/senvanggroup.com\/wp-content\/uploads\/2021\/01\/thu-vien-phoi-canh-2.png\" alt=\"\" width=\"721\" height=\"405\" \/><img decoding=\"async\" class=\" wp-image-2569 aligncenter\" src=\"https:\/\/senvanggroup.com\/wp-content\/uploads\/2021\/01\/so-do-tien-ich-sunshine-gold-river.png\" alt=\"\" width=\"711\" height=\"490\" \/><\/p>\n<p>&nbsp;<\/p>\n<p><img decoding=\"async\" class=\"alignnone size-full wp-image-2571\" src=\"https:\/\/senvanggroup.com\/wp-content\/uploads\/2021\/01\/thiet-ke-can-ho2.png\" alt=\"\" width=\"685\" height=\"445\" \/><\/p>\n<p>T\u1ecda l\u1ea1c t\u1ea1i v\u1ecb tr\u00ed v\u00e0ng khu \u0111\u1ea5t v\u00e0ng T\u00e2y H\u1ed3 t\u00e2y, s\u1edf h\u1eefu kh\u00f4ng gian xanh bi\u1ec7t l\u1eadp, h\u1ec7 th\u1ed1ng h\u1ea1 t\u1ea7ng \u0111\u1ed3ng b\u1ed9 hi\u1ec7n \u0111\u1ea1i.\u00a0D\u1ef1 \u00e1n Sunshine Golden River\u00a0s\u1ebd l\u00e0 \u0111\u1ecba \u0111i\u1ec3m s\u1ed1ng l\u00fd t\u01b0\u1edfng v\u00e0 quen thu\u1ed9c c\u1ee7a c\u1ed9ng \u0111\u1ed3ng c\u01b0 d\u00e2n qu\u1ed1c t\u1ebf v\u00e0 gi\u1edbi tinh hoa. D\u1ef1 \u00e1n th\u1eeba h\u01b0\u1edfng tr\u1ecdn v\u1eb9n nh\u1eefng \u01b0u th\u1ebf c\u1ee7a khu \u0111\u00f4 th\u1ecb qu\u1ed1c t\u1ebf b\u1eadc nh\u1ea5t H\u00e0 N\u1ed9i, h\u1ee9a h\u1eb9n hi\u1ec7n th\u1ef1c h\u00f3a nh\u1eefng gi\u1ea5c m\u01a1 v\u1ec1 cu\u1ed9c s\u1ed1ng \u0111\u1eb3ng c\u1ea5p, ti\u1ec7n nghi\u1ea1c t\u1ea1i v\u1ecb tr\u00ed v\u00e0ng khu \u0111\u1ea5t v\u00e0ng T\u00e2y H\u1ed3 t\u00e2y, s\u1edf h\u1eefu kh\u00f4ng gian xanh bi\u1ec7t l\u1eadp, h\u1ec7 th\u1ed1ng h\u1ea1 t\u1ea7ng \u0111\u1ed3ng b\u1ed9 hi\u1ec7n \u0111\u1ea1i.\u00a0D\u1ef1 \u00e1n Sunshine Golden River\u00a0s\u1ebd l\u00e0 \u0111\u1ecba \u0111i\u1ec3m s\u1ed1ng l\u00fd t\u01b0\u1edfng v\u00e0 quen thu\u1ed9c c\u1ee7a c\u1ed9ng \u0111\u1ed3ng c\u01b0 d\u00e2n qu\u1ed1c t\u1ebf v\u00e0 gi\u1edbi tinh hoa. D\u1ef1 \u00e1n th\u1eeba h\u01b0\u1edfng tr\u1ecdn v\u1eb9n nh\u1eefng \u01b0u th\u1ebf c\u1ee7a khu \u0111\u00f4 th\u1ecb qu\u1ed1c t\u1ebf b\u1eadc nh\u1ea5t H\u00e0 N\u1ed9i, h\u1ee9a h\u1eb9n hi\u1ec7n th\u1ef1c h\u00f3a nh\u1eefng gi\u1ea5c m\u01a1 v\u1ec1 cu\u1ed9c s\u1ed1ng \u0111\u1eb3ng c\u1ea5p, ti\u1ec7n nghi<\/p>\n","protected":false},"excerpt":{"rendered":"<p>T\u1ecda lT\u1ecda l\u1ea1c t\u1ea1i v\u1ecb tr\u00ed v\u00e0ng khu \u0111\u1ea5t v\u00e0ng T\u00e2y H\u1ed3 t\u00e2y, s\u1edf h\u1eefu kh\u00f4ng gian xanh bi\u1ec7t l\u1eadp, h\u1ec7 th\u1ed1ng h\u1ea1 t\u1ea7ng \u0111\u1ed3ng b\u1ed9 hi\u1ec7n \u0111\u1ea1i.\u00a0D\u1ef1 \u00e1n Sunshine Golden River\u00a0s\u1ebd l\u00e0 \u0111\u1ecba \u0111i\u1ec3m s\u1ed1ng l\u00fd t\u01b0\u1edfng v\u00e0 quen thu\u1ed9c c\u1ee7a c\u1ed9ng \u0111\u1ed3ng c\u01b0 d\u00e2n qu\u1ed1c t\u1ebf v\u00e0 gi\u1edbi tinh hoa. D\u1ef1 \u00e1n th\u1eeba [&hellip;]<\/p>\n","protected":false},"featured_media":171,"comment_status":"open","ping_status":"closed","template":"","meta":[],"product_brand":[],"product_cat":[15],"product_tag":[],"class_list":{"0":"post-103","1":"product","2":"type-product","3":"status-publish","4":"has-post-thumbnail","6":"product_cat-chua-phan-loai","8":"first","9":"instock","10":"sale","11":"shipping-taxable","12":"purchasable","13":"product-type-simple"},"_links":{"self":[{"href":"https:\/\/gianghi.sgi.edu.vn\/index.php\/wp-json\/wp\/v2\/product\/103","targetHints":{"allow":["GET"]}}],"collection":[{"href":"https:\/\/gianghi.sgi.edu.vn\/index.php\/wp-json\/wp\/v2\/product"}],"about":[{"href":"https:\/\/gianghi.sgi.edu.vn\/index.php\/wp-json\/wp\/v2\/types\/product"}],"replies":[{"embeddable":true,"href":"https:\/\/gianghi.sgi.edu.vn\/index.php\/wp-json\/wp\/v2\/comments?post=103"}],"wp:featuredmedia":[{"embeddable":true,"href":"https:\/\/gianghi.sgi.edu.vn\/index.php\/wp-json\/wp\/v2\/media\/171"}],"wp:attachment":[{"href":"https:\/\/gianghi.sgi.edu.vn\/index.php\/wp-json\/wp\/v2\/media?parent=103"}],"wp:term":[{"taxonomy":"product_brand","embeddable":true,"href":"https:\/\/gianghi.sgi.edu.vn\/index.php\/wp-json\/wp\/v2\/product_brand?post=103"},{"taxonomy":"product_cat","embeddable":true,"href":"https:\/\/gianghi.sgi.edu.vn\/index.php\/wp-json\/wp\/v2\/product_cat?post=103"},{"taxonomy":"product_tag","embeddable":true,"href":"https:\/\/gianghi.sgi.edu.vn\/index.php\/wp-json\/wp\/v2\/product_tag?post=103"}],"curies":[{"name":"wp","href":"https:\/\/api.w.org\/{rel}","templated":true}]}}